remainder when 812 is divided by 812.
0
Calculate the remainder when 40 is divided by 12.
4
What is the remainder when 2654 is divided by 871?
41
Calculate the remainder when 1716 is divided by 25.
16
Calculate the remainder when 367 is divided by 155.
57
Calculate the remainder when 681 is divided by 359.
322
What is the remainder when 686 is divided by 48?
14
What is the remainder when 76 is divided by 16?
12
What is the remainder when 819 is divided by 140?
119
Calculate the remainder when 688 is divided by 46.
44
What is the remainder when 67 is divided by 34?
33
What is the remainder when 3752 is divided by 36?
8
Calculate the remainder when 489 is divided by 12.
9
Calculate the remainder when 244 is divided by 64.
52
Calculate the remainder when 97 is divided by 33.
31
Calculate the remainder when 243 is divided by 29.
11
What is the remainder when 691 is divided by 21?
19
Calculate the remainder when 1281 is divided by 162.
147
What is the remainder when 358 is divided by 60?
58
Calculate the remainder when 82 is divided by 9.
1
What is the remainder when 9878 is divided by 76?
74
Calculate the remainder when 994 is divided by 51.
25
What is the remainder when 154 is divided by 32?
26
Calculate the remainder when 183 is divided by 19.
12
Calculate the remainder when 155 is divided by 61.
33
What is the remainder when 289 is divided by 54?
19
Calculate the remainder when 12382 is divided by 18.
16
What is the remainder when 189 is divided by 30?
9
Calculate the remainder when 26 is divided by 23.
3
What is the remainder when 130 is divided by 38?
16
Calculate the remainder when 225 is divided by 56.
1
Calculate the remainder when 172 is divided by 58.
56
What is the remainder when 2690 is divided by 39?
38
What is the remainder when 10256 is divided by 90?
86
What is the remainder when 5109 is divided by 146?
145
Calculate the remainder when 92 is divided by 34.
24
What is the remainder when 174 is divided by 47?
33
Calculate the remainder when 561 is divided by 13.
2
What is the remainder when 376 is divided by 38?
34
Calculate the remainder when 492 is divided by 15.
12
Calculate the remainder when 84 is divided by 27.
3
Calculate the remainder when 12896 is divided by 19.
14
What is the remainder when 8070 is divided by 69?
66
Calculate the remainder when 1224 is divided by 17.
0
What is the remainder when 650 is divided by 109?
105
Calculate the remainder when 670 is divided by 629.
41
Calculate the remainder when 77 is divided by 20.
17
Calculate the remainder when 2777 is divided by 52.
21
Calculate the remainder when 102 is divided by 54.
48
Calculate the remainder when 7019 is divided by 54.
53
Calculate the remainder when 115 is divided by 90.
25
Calculate the remainder when 39 is divided by 5.
4
Calculate the remainder when 553 is divided by 37.
35
What is the remainder when 236 is divided by 60?
56
What is the remainder when 6569 is divided by 263?
257
Calculate the remainder when 149 is divided by 114.
35
Calculate the remainder when 191 is divided by 32.
31
Calculate the remainder when 42027 is divided by 14.
13
Calculate the remainder when 430 is divided by 17.
5
What is the remainder when 342 is divided by 85?
2
What is the remainder when 59 is divided by 42?
17
What is the remainder when 1954 is divided by 17?
16
Calculate the remainder when 345 is divided by 25.
20
What is the remainder when 69 is divided by 8?
5
What is the remainder when 1741 is divided by 50?
41
Calculate the remainder when 1177 is divided by 16.
9
What is the remainder when 6677 is divided by 63?
62
Calculate the remainder when 1422 is divided by 37.
16
What is the remainder when 657 is divided by 20?
17
What is the remainder when 1065 is divided by 134?
127
Calculate the remainder when 243 is divided by 29.
11
Calculate the remainder when 59 is divided by 26.
7
What is the remainder when 656 is divided by 327?
2
Calculate the remainder when 674 is divided by 27.
26
Calculate the remainder when 368 is divided by 123.
122
What is the remainder when 70 is divided by 20?
10
What is the remainder when 1957 is divided by 121?
21
What is the remainder when 4992 is divided by 1663?
3
What is the remainder when 1883 is divided by 458?
51
Calculate the remainder when 46 is divided by 36.
10
Calculate the remainder when 304 is divided by 105.
94
Calculate the remainder when 158 is divided by 81.
77
What is the remainder when 2829 is divided by 75?
54
Calculate the remainder when 3262 is divided by 368.
318
Calculate the remainder when 4207 is divided by 10.
7
Calculate the remainder when 465 is divided by 36.
33
What is the remainder when 117 is divided by 69?
48
What is the remainder when 123 is divided by 16?
11
What is the remainder when 1877 is divided by 171?
167
What is the remainder when 15239 is divided by 20?
19
What is the remainder when 4092 is divided by 5?
2
What is the remainder when 2479 is divided by 40?
39
What is the remainder when 50 is divided by 6?
2
Calculate the remainder when 775 is divided by 97.
96
Calculate the remainder when 284 is divided by 144.
140
What is the remainder when 1563 is divided by 54?
51
Calculate the remainder when 397 is divided by 19.
17
Calculate the remainder when 9 is divided by 3.
0
Calculate the remainder when 37 is divided by 13.
11
What is the remainder when 177 is divided by 56?
9
What is the remainder when 274 is divided by 93?
88
What is the remainder when 15654 is divided by 206?
204
Calculate the remainder when 41 is divided by 16.
9
What is the remainder when 93 is divided by 80?
13
Calculate the remainder when 5676 is divided by 28.
20
Calculate the remainder when 385 is divided by 25.
10
Calculate the remainder when 262 is divided by 30.
22
What is the remainder when 30 is divided by 13?
4
What is the remainder when 5698 is divided by 60?
58
What is the remainder when 107 is divided by 48?
11
Calculate the remainder when 1306 is divided by 165.
151
Calculate the remainder when 267 is divided by 45.
42
What is the remainder when 2492 is divided by 16?
12
Calculate the remainder when 124 is divided by 9.
7
Calculate the remainder when 748 is divided by 258.
232
Calculate the remainder when 188 is divided by 93.
2
Calculate the remainder when 476 is divided by 24.
20
Calculate the remainder when 974 is divided by 54.
2
What is the remainder when 17939 is divided by 260?
259
What is the remainder when 197 is divided by 41?
33
What is the remainder when 668 is divided by 24?
20
What is the remainder when 8732 is divided by 182?
178
Calculate the remainder when 37 is divided by 9.
1
Calculate the remainder when 375 is divided by 32.
23
What is the remainder when 528 is divided by 68?
52
Calculate the remainder when 215 is divided by 88.
39
Calculate the remainder when 79 is divided by 27.
25
Calculate the remainder when 71 is divided by 20.
11
What is the remainder when 65 is divided by 9?
2
Calculate the remainder when 252 is divided by 73.
33
What is the remainder when 1174 is divided by 47?
46
Calculate the remainder when 1441 is divided by 9.
1
Calculate the remainder when 118 is divided by 66.
52
Calculate the remainder when 5597 is divided by 160.
157
What is the remainder when 273 is divided by 11?
9
Calculate the remainder when 5632 is divided by 1126.
2
Calculate the remainder when 51 is divided by 18.
15
What is the remainder when 342 is divided by 96?
54
Calculate the remainder when 284 is divided by 57.
56
What is the remainder when 1443 is divided by 161?
155
What is the remainder when 125 is divided by 26?
21
Calculate the remainder when 1298 is divided by 26.
24
Calculate the remainder when 1549 is divided by 267.
214
Calculate the remainder when 1363 is divided by 21.
19
Calculate the remainder when 483 is divided by 479.
4
Calculate the remainder when 5570 is divided by 14.
12
Calculate the remainder when 8 is divided by 1.
0
Calculate the remainder when 66 is divided by 7.
3
Calculate the remainder when 311 is divided by 94.
29
What is the remainder when 5466 is divided by 45?
21
What is the remainder when 654 is divided by 165?
159
What is the remainder when 100 is divided by 17?
15
What is the remainder when 509 is divided by 102?
101
What is the remainder when 498 is divided by 5